ainder when 122 is divided by y?
29
Let y(m) = -20*m - 34. Let h be y(10). Let r = -157 - h. What is the remainder when r is divided by 20?
17
Let n = 70 - 68. Suppose c - 3 + 0 = 0. Suppose n*i = -c + 31. Calculate the remainder when 40 is divided by i.
12
Let j = -1173 - -1251. Let m be (-2 - 2)/(3/(-24)). What is the remainder when j is divided by ((-6)/1)/((-12)/m)?
14
Let r(j) = -j**2 + 10*j - 7. What is the remainder when 110 is divided by r(7)?
12
Let w be (-1)/((-24)/(-9) - 3). Suppose w*m - 97 = 4*n, -4*m + 139 = m - n. Let t = -37 - -115. Calculate the remainder when t is divided by m.
24
Suppose 0*r - 210 = 3*r. Let s be 2*(16/(-12))/((-12)/450). Let v = r + s. What is the remainder when v is divided by 8?
6
Let q = -2256 - -2265. Let s = 2 - -4. Calculate the remainder when q is divided by s.
3
Suppose 0 = 2*q, -178 = -4*k + 2*k - q. Let h = -9 + k. Calculate the remainder when h is divided by 12.
8
Suppose -4*r = -2*k - 16, 20 = 4*r - 3*k + 2*k. Suppose -3*v + 4*g = v - 72, 2*g - r = -v. What is the remainder when 25 is divided by v?
11
Calculate the remainder when 84 is divided by (-4)/(-7) + 11*81/21.
41
Suppose -2*p = 3*f - 16, -p - 115 = -5*f - 84. Calculate the remainder when 54 is divided by f.
0
Calculate the remainder when 317 is divided by (-5)/((-25)/82)*625/125.
71
Let b(n) = -3 - 1 - n - 2*n - 5*n. Let t be b(-9). Suppose p + t = 3*p. Calculate the remainder when p is divided by 12.
10
Suppose 0 = -5*s - 3*r + 6 + 31, -3*s - 2*r = -22. Calculate the remainder when 303 is divided by s.
7
Let m = 23 - 20. Suppose 0 = -2*q - m*q + 85. Let b = 33 - q. What is the remainder when 45 is divided by b?
13
Suppose 191 = 3*p + 17. Let b = 43 + -23. Calculate the remainder when p is divided by b.
18
Suppose -x = r - 22, -5*x - 11 = -1. Let i = -16 + r. Calculate the remainder when 18 is divided by i.
2
Suppose -498 = -h - h. Suppose 0 = -2*t - t + h. Calculate the remainder when t is divided by 42.
41
Suppose h - 412 = -3*c + 217, 4*h - 4*c - 2484 = 0. What is the remainder when h is divided by 24?
23
Let p = 38 - 15. Suppose 2*n - 4*q - 9 = 3, -27 = -n - 5*q. Calculate the remainder when p is divided by n.
11
Let l(b) = -9*b**3 - 2*b**2 - 4. What is the remainder when l(-4) is divided by 68?
64
Let j(d) = -8*d + 98. Calculate the remainder when j(-46) is divided by 94.
90
Let w(d) = -d**3 + 4*d**2 + 7*d - 4. Let z be w(5). What is the remainder when 53 is divided by 4/z*(-4)/(72/(-297))?
9
Let x = 14 - -5. Let u = -19 + x. Suppose -2*o + 1 + 5 = u. What is the remainder when 12 is divided by o?
0
Let d = 47 - 56. What is the remainder when 116 is divided by (-6)/d*168/16?
4
Suppose 3*l + 2 = -2*y + 27, 5 = l + 4*y. What is the remainder when 31 is divided by l?
4
Let k(j) = -j**2 + 14*j + 2. Let g be k(14). Calculate the remainder when ((-3)/g)/((-15)/290) is divided by 5.
4
Let z be 60 + ((-3 - -1)*-1 - 2). Suppose 5*f = -5*n + z, -n - 3 = -5*f + 33. Calculate the remainder when f is divided by 5.
3
Let d(h) = -16*h + 326. What is the remainder when d(13) is divided by 36?
10
Calculate the remainder when 71 is divided by (-4 - (-110)/30)/((-1)/33).
5
Let g(z) = 18*z - 2. Let f(j) = -720*j + 81. Let q(y) = 2*f(y) + 81*g(y). Suppose 8*w = 11*w - 12. Calculate the remainder when q(w) is divided by 25.
22
Suppose -11 - 4 = -3*s. Suppose 210 = s*l - 5*f, -l = -5*f - 9 - 17. Suppose -17*y + 228 = 2*y. Calculate the remainder when l is divided by y.
10
Let p(v) = -2*v**2 + 31*v + 14. Let m(t) = 5*t**2 + 3*t + 9. What is the remainder when m(-6) is divided by p(15)?
26
Let i = -98 + 171. Suppose 0*w = 4*w + 168. Let c = 79 + w. What is the remainder when i is divided by c?
36
Let i(g) = g**3 + g**2 - 2*g - 15. Let a be (14 - 0)*4/14. What is the remainder when i(a) is divided by 17?
6
Let b(j) = 4*j**2 + 3. What is the remainder when b(-2) is divided by 4?
3
Let h(f) = -f**2 - 2*f - 2. Let i be h(-2). Let b(s) = 3*s + 12*s**2 + 3 + 5*s**2 - 10*s**2. What is the remainder when b(i) is divided by 14?
11
Suppose -934 = -34*d - 152. Calculate the remainder when d is divided by 4.
3
Let d = 78 - 70. Let y(x) = -x**2 + 10*x - 8. Calculate the remainder when 24 is divided by y(d).
0
Let s = 4 - 25. Let c = -10 - s. Let b = 166 + -124. What is the remainder when b is divided by c?
9
Let w(x) = x**2 + x + 3. Let f be w(0). Suppose 5*u - 31 = -c, 12 = 2*c - 2*u - 62. Let r = c + f. What is the remainder when r is divided by 14?
11
Let i be (-1)/(-2)*(11 - -5). Let q be (-2)/i + 73/4. Calculate the remainder when q/4*224/24 is divided by 23.
19
Let z(x) = x**3 + 6*x**2 + x + 6. Let k = -86 - -81. Calculate the remainder when z(k) is divided by 3.
2
Let z(b) = 2*b**2 + 43*b - 200. Calculate the remainder when z(8) is divided by 36.
20
Let r = -41 - -155. What is the remainder when r is divided by 40?
34
What is the remainder when (-209)/(-2) + 18/12 is divided by 22?
18
Calculate the remainder when (-34)/51*(-57)/2 is divided by 13.
6
Let x(p) = p - 1. Suppose -2 = -7*v + 5. What is the remainder when x(3) is divided by v?
0
Let n(d) = -d - 7. Let m be n(-6). Let p = 18 + m. Calculate the remainder when (-251)/(-5) - (3 + 56/(-20)) is divided by p.
16
Let x = 870 + -774. Calculate the remainder when 1149 is divided by x.
93
What is the remainder when 32 is divided by 11/22*(-56)/(-2)?
4
Suppose k + 8 - 11 = 0. Suppose 15 = 3*d, -2*w + 6 = -k*d - 15. What is the remainder when 31 is divided by w?
13
Let o(c) = c**2 - 21*c - 144. Calculate the remainder when o(28) is divided by 14.
10
Let d(a) = 3*a**2 + 12*a - 5. Calculate the remainder when 246 is divided by d(2).
29
Let c(b) = 3*b - 21. Let o be c(10). Suppose 5*h = -34 + o, -4*h + 25 = 3*k. Suppose -5*f + k = -0. Calculate the remainder when f is divided by 3.
0
Suppose -8*b + 139 = 3. Suppose -10 - 23 = -x. What is the remainder when x is divided by b?
16
Let v(l) = -l**3 - 3*l**2 + 3*l + 3. Let c be v(-3). Calculate the remainder when (-129)/(-9) + ((-28)/c - 4) is divided by 9.
6
Let f = -27 + 48. Calculate the remainder when f is divided by (-132)/(-21) - 46/161*(0 + 1).
3
Let t(p) = 16*p - 2. Suppose 0 = -d + 6*d - 15. Suppose d*j - 33 = 3*b, 2*b + 3 = 4*j - 51. Calculate the remainder when t(3) is divided by j.
14
Suppose -6*s + 2*s + 156 = -4*o, -3*s + 141 = 5*o. Suppose -2*q + s = -16. Calculate the remainder when q is divided by 17.
12
Calculate the remainder when 224/4144 + (-8136)/(-74) is divided by 61.
49
Suppose -4*w + 366 = w - g, 3*w - 238 = -4*g. Let i = 0 + w. Suppose 20 = -4*u, -3*u + i + 63 = 4*c. Calculate the remainder when c is divided by 10.
8
Calculate the remainder when (4/(-8))/((-3 + 5)/(-492)) is divided by 31.
30
Let z = 62 - 101. Let c = z + 47. What is the remainder when 36 is divided by c?
4
Let h = -621 + 649. What is the remainder when h is divided by 14?
0
Suppose 5*f + 45 = 5*x, -5*x - 11*f + 43 = -15*f. Calculate the remainder when 90 is divided by x.
6
What is the remainder when 1947 is divided by (104/6)/(18/81)?
75
Let s = -6 - -6. Let c(z) = -2*z + 2. Calculate the remainder when 6 is divided by c(s).
0
Let m be -2*3/6*-5. Suppose -m*u = 3*y - 188, -y + 1 + 0 = 0. What is the remainder when u is divided by (-52)/(-4)*(-4)/(-4)?
11
Suppose 0 = -4*o + 2*q, -4*o - o - 5 = -5*q. Suppose -o = -d + 10. Calculate the remainder when 53 is divided by d.
9
Suppose 5*i - 4*j - 112 = -2*j, 93 = 4*i - 5*j. What is the remainder when i is divided by (-1)/4 + (14 - (-195)/(-20))?
2
Let a be -2 + -6*(-1)/2. Suppose 0 = -2*h - 6*p + 3*p + 7, -h - 4*p = -a. Calculate the remainder when 4 + (7 - -3 - 1) is divided by h.
3
Let s be 6/4*-7*(-17 + 5). Let f = s + -88. Calculate the remainder when f is divided by 20.
18
Suppose -5*c + 307 = -743. What is the remainder when (-28)/c + (-347)/(-15) is divided by 7?
2
Let f = 0 + 0. Suppose 79*a = 74*a - z + 85, 5*a = -5*z + 105. Let n = a - f. Calculate the remainder when 43 is divided by n.
11
Suppose -4*x - 85 = -3*d - 2*x, -2*d + 2*x + 54 = 0. Calculate the remainder when d is divided by ((-48)/(-9))/(8/(-12) - -1).
15
Let w = -9 - -15. Let a(i) = i**2 - i - 15. What is the remainder when a(6) is divided by w?
3
Let u(j) = j**2 + 12*j - 5. Calculate the remainder when 7/(-1) + (-3597)/(-33) is divided by u(-13).
6
Suppose 